lue of -82 - (42 + -157) - 12?
21
Calculate (-9 - 1) + 14 - (-3 + 6 + 29 + -9).
-19
What is -2506 + 2518 - (146 - (0 - 2) - (-9 + 7))?
-138
Calculate -57 - ((-12 - (-16 + 11)) + 11 - 10 - -9).
-60
Calculate 6 - (1 + 1 + (-38 + 8 - -27)) - -22.
29
Evaluate -10 + (0 - 2) - -17 - ((130 - 11) + -1).
-113
Calculate 116 - ((-20 - (-26 + -16)) + 7).
87
What is the value of (6 - (24 + -71)) + -28?
25
Calculate -10 + -2 + (-132 - (-97 + 84)).
-131
Calculate (10 + -34 - -57) + -4.
29
Evaluate 109 + (-34 - 66) + (-11 - -1).
-1
Evaluate 22 + -26 + 31 + -59.
-32
(-24 - -18) + -4 - 36
-46
What is (25 + 7 - 58) + 43 + 35?
52
Evaluate (82 + -38 - -52) + 12 + -22.
86
What is the value of 7 + (2 - 9) - 11 - -58 - 10?
37
-10 + 41 + -6 + -17 + 35
43
What is -9 - (11 + -8 - (71 - 33))?
26
Evaluate -7 - (-8 + (-4 - -30)) - (-35 + 45 + 4).
-39
0 + -135 + -1572 + 1604 + (-4 - -1)
-106
What is (6 + (-5 + -3 - -6) + 3 - -3) + -53?
-43
What is 1322 - 1319 - (-2 + (-1 - -2) + -1)?
5
What is 58 + -10 + 177 + -184?
41
(0 - ((-14 + 13 - -26) + -43)) + 5
23
What is the value of -77 + 60 - (-4 - (-5 + -5))?
-23
Evaluate (-5 - 35) + 42 + (-133 - 0).
-131
Calculate 6 + (-8 - (7 + -4 + 4 - 5)) + 51.
47
Evaluate (3 - 14) + (2 - (-14 + 79 - 2 - 8)).
-64
Evaluate (-13 - (-7 - 7 - 9 - -12)) + 61 + 12.
71
Evaluate 49 - (1 + -17 + 2 + -660 + 685).
38
(85 - 30) + (58 - 101)
12
-2 + -10 + 0 + 12 + 25 + -14 - -49
60
What is -104 - -1 - (85 + -39 - 46) - -2?
-101
Calculate 0 + (15 - (1 + -2 - (152 - 143))).
25
What is 24 + 12 - (22 - -151 - 16)?
-121
What is the value of -66 - (-98 + -11 - -156)?
-113
What is (-10 - -12 - (2 + 0)) + (83 + -11 - 58)?
14
2 - ((-2 - 10) + 8 + 4 + 7)
-5
What is the value of 13 + -25 + (13 - (3 - -6))?
-8
Calculate -932 - -1005 - (2 - -102).
-31
What is -18 - (2 + 3 - (-7 + 18) - (2 - 5))?
-15
What is -64 + (10 - (-1 - (0 - -11))) + -10 + 1?
-51
(-805 - -757) + 7 + 75
34
What is -3 - (-1 + -31 - ((-128 - -37) + 105))?
43
-2 - (15 + -1 + 0 + (642 - 625))
-33
Calculate (10 + 2 - 28) + 14 + 44.
42
-22 + (0 - -1) + 188 + -190 - -6
-17
What is -42 - (-10 - 14) - (12 + -4)?
-26
Evaluate 21 - (-60 + (26 - -3) + -30).
82
What is -3 + (7 + -135 - (-32 + 11 + 8)) - 8?
-126
What is the value of (29 - -14 - 37) + (-2 - -9 - 5 - -4)?
12
What is (-50 - -6) + 4 + 1 - (-82 + 90)?
-47
-15 + (-12 - -4 - -13) - -61
51
Calculate -16 - ((7 - (21 + -10)) + -9) - 8.
-11
30 + 0 - (-111 + 33 - -163)
-55
Evaluate -9 + (-5 - (14 + -26 - (63 + 7))) + 9.
77
Evaluate (-18 - -5) + 79 + -10 - -40.
96
What is 456 - 381 - (72 + 11)?
-8
Calculate 25 - 8 - ((-5 - 50) + 160).
-88
Evaluate -2524 + 2513 + (38 - (1 - (3 + -1))).
28
What is (69 - 30) + -40 - -67?
66
Calculate -21 + (-32 + 53 - -28).
28
Calculate -105 + -34 + 147 + -64.
-56
What is the value of -84 + -9 - (52 - 76)?
-69
What is the value of 15 + -159 + 38 + 22?
-84
What is 57 - (-62 + 131) - 34?
-46
Evaluate 1 + (-143 - (-64 + -47)).
-31
Calculate (1842 - 1850) + (-3 - -30).
19
What is the value of 0 + 8 + (-13 - (0 - (-24 + 13)))?
-16
What is the value of (-3 + 3 - (-1 - 3)) + -6 - (-2 + 66)?
-66
Calculate (3 - -1) + (-48 + 21 + -2 - -13) + -13.
-25
Calculate -50 - (-2 - -2 - 3) - (-125 + 123).
-45
Evaluate -137 + 10 + 4 + 15 - (-3 - -8).
-113
Evaluate -4 + 3 + 118 - (-1945 - -1976).
86
What is the value of (-7 + 2 - -3 - (55 - 65)) + -11?
-3
Calculate (59 - 1) + (-202 - (19 - 178)).
15
Calculate 52 - (-5 - 4) - ((8 - (6 + -1)) + -5).
63
What is the value of 10 - 14 - (32 - (-8 + 19 + -2))?
-27
Evaluate -5 - (7 - 17 - (-3 + 12 + -2)).
12
(-3 - (-2 + 17)) + -236 + 274
20
Calculate -5 + -5 - (-13 + 5 - 1 - -33).
-34
-2 - 23 - (50 - (81 + -30))
-24
What is 15 - -1 - (-2 - (-15 + 0)) - -89 - 8?
84
(38 - 32) + 26 + -29 + (-2 - -1) + -44
-42
What is 4 - -10 - (10 - (35 + -15))?
24
Calculate -10 + 3 + 19 + (39 - (23 + -20)).
48
Evaluate -2 + -19 + 0 + 43 + -27 + (0 - 55).
-60
What is -47 - (0 + -2 + (5 - 5) + 7)?
-52
What is the value of 3449 - 3434 - (0 + 75)?
-60
Calculate (-13 + 7 + 11 - 9 - (-23 + 0)) + 2.
21
What is the value of -10 - (26 - 7 - (42 + -31))?
-18
What is 47 + 26 - -38 - 201?
-90
Evaluate -632 + 642 + -2 + 50 + -1 + -11.
46
Calculate 10 + (-2 - 5) + 0 + -6 - -9.
6
Calculate -4 + -6 + 0 + (-27 - (-37 + 12)).
-12
What is 50 - ((12 - 20) + -10 + 8 + 10)?
50
Evaluate 6 + (15 + -10 + 4 - (74 + -2)).
-57
What is -4 - (-50 - -88) - -10?
-32
What is 44 + (-83 - 24) + 4?
-59
What is the value of (39 - (-66 - -65)) + 27?
67
What is 2 - (11 + -15) - (87 - 56)?
-25
What is (-9 + (-10 - -21) - 12) + (18 - 5) + -25?
-22
Evaluate 6 + 166 + -182 - (1 + -9).
-2
What is (-118 - -68) + (9 - 19 - 9)?
-69
What is the value of -60 - (4 - (21 + -21 + (6 - -10)))?
-48
What is 4 + (0 + 0 - -1) + -322 + 415 + -160?
-62
What is -16 - -21 - ((61 - 4) + (-2 - -1))?
-51
Evaluate (-15 - (17 + -27 + -17)) + 3 + -9.
6
4 + -98 + (-5 - (-9 - (-2 + (-4 - 1))))
-97
Calculate (42 - 50) + 9 + 45 + (-1 - 1).
44
What is (-46 - -22) + -23 + 45?
-2
Evaluate -13 + -126 + (17 - 5 - 3) - -20.
-110
Evaluate (87 - 76) + (26 - -1) + (3 + -1 - 6).
34
What is (1846 - 1816) + (-30 - 0)?
0
Evaluate -35 + (191 - ((19 - 11) + 40)).
108
What is the value of -15 - (-17 - (-73 - -70))?
-1
What is 60 - (0 + 2 + 14)?
44
13 - 24 - (64 + -23)
-52
What is the value of -27 - (-108 - -83 - -17)?
-19
What is the value of -38 + (43 - -15) + -6?
14
What is (-1952 - -1963) + (-3 - (2 + -3 + 46))?
-37
What is the value of (13 - 0) + -26 + 0 + -20?
-33
Calculate -11 - 1 - (-3 + 1) - (2126 + -2078).
-58
What is -10 + (-3 - -20) - (-3 + (10 - 4)) - -95?
99
Calculate -9 + -2 - (2 + 0 + 40).
-53
Evaluate 13 + (-76 + 9 - -31) - -57.
34
What is the value of 22 - 34 - (-27 + -11)?
26
What is 102 + (-8 - -26) - (52 - 35)?
103
Calculate 141 + -99 + 73 - 91.
24
Calculate -32 - ((40 - 47) + -56).
31
47 - (6 + -32 + -3) - 11
65
What is -10 + 45 + 5 - 53?
-13
Evaluate (-187 - (16 - 122)) + 108.
27
Calculate (-232 + 338 - (2 - (-7 - -3) - -5)) + -5.
90
Calculate (-4 - (15 + -25)) + 0 - -22.
28
Calculate (-7 - 15 - -1) + (-9 - -10) + 10.
-10
(-24 - (-42 - -6)) + 1 + 2 - 5 - -75
85
234 - 216 - (-11 - -72)
-43
Evaluate (1 - (-2 + 2) - -1) + (-29 + 2 - 12).
-37
31 + (-11 - 44) - -28
4
Evaluate 19 - (22 - (-28 + 41)).
10
Evaluate -24 + (-10 + 8 - 8 - (20 + -26)).
-28
What is the value of 15 - (-560 - -511 - (-1 - 36))?
27
(-8 - (-61 + 40 + 29)) + -99
-115
17 + (-16 + -1 - (208 + -208))
0
Evaluate -1 + -3 + 55 - 104.
-53
Calculate -12 + 3 + (-20 - -29) + (-42 - -3).
-39
Evaluate -74 + -4 + ((7 - 26) + 4 - (15 - 42)).
-66
2 + 18 + (-12 - (-32 - (25 + -33)))
32
What is 86 - (140 - 149 - (1 - 0) - (4 - 22))?
78
What is -127 + 161 - 302 - -132?
-136
Calculate -5 - (4 - 7) - (-78 - (76 - 255)).
-103
What is the value of (-110 + 1 - -6) + (31 - 9 - 31)?
-112
Evaluate 19 + (-10 - -1 - (733 - 716)).
-7
Evaluate -12 - (12 - (1 + 11) - -3).
-15
What is 20 + -16 + 8 - (-4 - -34)?
-18
Calculate (-8 - -2) + 3 - (0 - -6).
-9
Evaluate 0 + 47 + -334 + 307.
20
Evaluate (-59 - (14 + -21 - (-5 + 3 + -13))) + 8.
-59
What is 15 + -24 - -26 - (-11 + 1) - -7?
34
Calculate 43 + -47 + (-36 - -102).
62
What is the value of 12 + (-29 - (125 - 94))?
-48
Evaluate 31 - (-5 + -25 + 25 - 3).
39
25 - (47 + (43 - 52))
-13
Calculate -42 + 4 + 9 + (72 - -11).
54
What is the value of 3 + -214 - (1343 + -1445)?
-109
What is the value of (10 - (7 + (6 - 9))) + -39 + 24?
-9
25 + -20 + (-22 + 30 - -7)
20
What is the value of 180 + -81 + -62 + -3 + 65?
99
Evaluate 7 - ((4 - -8) + (14 - (15 - 37))).
-41
What is the value of 3647 + -3600 + (-1 - 34)?
12
Calculate (35 - -18) + -80 - (14 - 0).
-41
Evaluate (-37 + 75 - 36) + (-2 - -4) + 48.
52
Evaluate 108 + 1 + -37 + (99 - 100).
71
What is -10 - (27 + -15 + 7 + -31) - 13?
-11
Calculate 205 + -166 + ((12 - 6) + -8 - -5).
42
What is 19 + 12 + (15 - -5) + 10?
61
Evaluate 17 - (4 - -12 - -7 - (-7 + 20)).
7
What is the value of (440 - 475) + (2 - (5 - 16))?
-22
Calculate (14 - 1) + 134 + -43 + 21 + 5 + -4.
126
What is the value of -81 - (27 + (-26 - 0) - 30)?
-52
What is (-25 - -2) + 36 + -1 + -29 + 2?
-15
-38 - (27 + -45 + -6 - -38)
-52
What is -3 - -14 - (-1 + 12 + 8)?
-8
What is the value of 0 + -107 + -80 + 80 - (5 + -2 + -6)?
-104
-22 - ((19 - (42 - 0)) + -1)
2
What is the value of -45 + 25 + (-9 - -9